 x be (0 - 1)/(13/(-26)). Suppose 224 = 2*l + x*l + 5*c, c - 280 = -5*l. What is the tens digit of l?
5
Let d be 3 + 46/(-6)*3. What is the units digit of ((-7)/(7/(-10)))/(d/(-70))?
5
Suppose 4*d + 13 = 3*j, -3*j - 2*d + 41 - 16 = 0. Let m(y) = y**3 - 10*y - 2*y**2 - 6*y**2 - 2 + 3*y**2. What is the tens digit of m(j)?
2
Let c(w) = 3*w - 63. Let y be c(22). Suppose 0 = b - 5*s - 128, y*b - 479 = -9*s + 5*s. What is the tens digit of b?
5
Let b(l) = -l**2 + 9*l + 5. Let m be b(9). Suppose 215 = 4*i - m. What is the units digit of i?
5
Suppose 5*a - 10 = 5*p, 3*p = -a + 4 - 2. Suppose p = -4*o + 5*u + 28, 3 = o - 2*u - 7. What is the tens digit of 33*o*(-4)/(-8)?
3
Let g(b) = 21*b - 3. Let f be g(8). Suppose f = 5*q - 5*x, 3*q + 4 = x + 107. Suppose 0 = -2*v + 125 - q. What is the tens digit of v?
4
Let g = 2 - 0. Suppose -13 - g = -d. Suppose 3*l - 8*l + d = 0, 290 = 5*b + 5*l. What is the tens digit of b?
5
Let w(a) = -a - 3. Let v be w(-4). Let x be 112/24 + v/3. Suppose 3*k - 7*m = -3*m + 42, 0 = k - x*m - 25. What is the tens digit of k?
1
Let s(y) = 202*y**3 + 5*y**2 - 16*y + 22. What is the tens digit of s(2)?
2
Suppose 5*u - 3*x - 106 = 0, 18 = u - 2*x + 3*x. What is the units digit of u?
0
Suppose -2*z - 72 + 18 = -3*p, -2*z = 6. Let o be (3/(-2))/(3/p). What is the units digit of ((-5)/(-5))/(-1) - o?
7
Let s = 29 - 13. What is the units digit of (-36)/(-96) - (-106)/s?
7
Let b = 1622 - 918. What is the hundreds digit of b?
7
Let v = -6 + 5. Let t be (v + -7)/((-3)/(-9)). Let q = -16 - t. What is the units digit of q?
8
Let m(q) = -q**3 - 13*q**2 + 16*q + 19. Let j be m(-14). What is the units digit of 326/3 + (-3)/j?
9
Let r = 66 - 64. Suppose r*k - 327 = 167. What is the tens digit of k?
4
Let g(u) = u**2 + 6*u - 2. Let x be (2/1)/((-4)/14). Let p be g(x). Suppose 0 = p*q + 5*l - 60, 3*l + 46 = 5*q - 6. What is the tens digit of q?
1
Let d(r) = -r**2 - 2*r + 2. Let o be d(2). Let h be o/10 + 30/50. Suppose 5*i - 3*n - 217 = h, -n = i - 3*n - 49. What is the tens digit of i?
4
Suppose 121*q - 115*q = 6. What is the units digit of q?
1
Suppose 0 = -y - y - 4. Let c(z) be the second derivative of -11*z**3/6 + z**2/2 - 6*z + 1. What is the tens digit of c(y)?
2
Suppose -20*b - 773 = -11153. What is the hundreds digit of b?
5
Suppose -2*r = 2*k + 12, k - r = -0*k + 2. Let a be (6/(-9))/(k/15). What is the tens digit of (a/15)/(1/69)?
2
Let f be (8 + -9)/((-1)/18). Suppose -13*t = -f*t + 585. What is the tens digit of t?
1
Let s(v) = v + 2. Suppose 5*a + 8 + 17 = 0. Let h be s(a). What is the tens digit of 12/14*(24 + h)?
1
Suppose -c + 2026 = 2*j - 5*j, -5*j + 20 = 0. What is the hundreds digit of c?
0
Let p(w) = w**2 + 7*w + 2. Let g be p(-7). Suppose 2*s = -4*c + 156 - 18, g*s + 134 = 4*c. What is the units digit of c?
4
Suppose 4*z - 2 = 6. Suppose x - c = 0, -z*x + 9*c = 4*c + 15. Suppose 4*w - p = w + 44, 0 = x*w + 4*p - 96. What is the units digit of w?
6
Suppose m + 6*r = r + 2862, -m = 2*r - 2850. What is the thousands digit of m?
2
Suppose u - 4*j + 591 = 6*u, 362 = 3*u - 5*j. Suppose 3*x = 3*d + x + 173, -5*x - 145 = 3*d. Let y = u + d. What is the units digit of y?
4
Let d be ((-273)/14)/((-2)/(-4)). What is the tens digit of (-421)/(-8) + d/(-104)?
5
Let m = 168 - 104. What is the tens digit of 2/16 + 16376/m?
5
Let x(r) = 18*r + 189. What is the hundreds digit of x(16)?
4
Let c = -698 - -709. What is the units digit of c?
1
Let p = -4109 + 6812. What is the units digit of p?
3
Let d(j) = -4*j + 191. What is the hundreds digit of d(0)?
1
Let f(a) = -4*a. Let y be f(2). Let w be ((-4)/y)/(2/20). Suppose -w*k - i = -58, -k + 8 = -4*i - 12. What is the tens digit of k?
1
Let l = 1973 + -1059. What is the tens digit of l?
1
Let l(n) be the third derivative of -1/24*n**4 + 1/120*n**6 + 0 + 0*n - 10*n**2 + 3*n**3 - 1/60*n**5. What is the tens digit of l(0)?
1
Suppose -g + 2836 + 2843 = -3*t, -t = -7*g + 39713. What is the units digit of g?
3
Suppose -4*n + 948 = 4*a, 0 = n - 3*a - 2*a - 243. Suppose 0 = -u - 3*u - 4*y + 464, -2*u + y + n = 0. What is the units digit of u?
8
Let w(x) = -x**3 + 6*x**2 + 4*x + 18. Let d be w(7). What is the units digit of (630 - 3)/3 - d?
2
Suppose -58 + 1783 = c - 4*q, 0 = 5*c + q - 8604. What is the units digit of c?
1
Let u(x) = 417*x + 57. What is the units digit of u(3)?
8
Let o(q) be the third derivative of q**6/90 - q**5/60 - q**3/3 - 5*q**2. Let k(h) be the first derivative of o(h). What is the units digit of k(-2)?
0
Let p(f) = -f + 1. Let k(o) = 10*o. Let j be k(1). Let i be (j/15)/(4/(-66)). What is the tens digit of p(i)?
1
Suppose 58*p - 65*p + 21 = 0. Suppose 323 = p*c - 283. What is the units digit of c?
2
Let l(o) be the second derivative of -2*o + 0 - 1/20*o**5 - 1/12*o**4 + 0*o**3 + 1/2*o**2. What is the units digit of l(-2)?
5
Let a = -3 - 3. Let j be ((-4)/(-4))/((-3)/a). What is the tens digit of 3 - (-3 + j)*12?
1
Let v(z) = -z**3 - 5*z**2 - 5*z - 8. Let i be v(-4). What is the units digit of (-225)/i - -3*3/12?
7
Let a(m) = m**3 - 9*m**2 + 13. Let f be a(9). Let r = -10 + f. Suppose -3*t - r*c + 39 = 0, -t + 12 = 2*c - 0. What is the tens digit of t?
1
Let o = 14 + -11. Suppose -o*a = -10 - 2. Suppose 0 = 2*v - a*v + 62. What is the tens digit of v?
3
Let g(v) = 3*v**3 - 31*v**2 + 21*v - 27. What is the hundreds digit of g(12)?
9
Let x = -50 + 26. Let s = x + 83. What is the units digit of s?
9
Let s be (-1)/(1*3/(-591)). Let d = s + -139. What is the tens digit of d?
5
Suppose x = -4*x - 5*j + 4975, -4*x + 3*j = -3980. What is the tens digit of x?
9
Suppose -s + 588 + 2326 = 5*k, k + s = 582. What is the hundreds digit of k?
5
Suppose -2*i - 2*r = -1460, 17*i - 21*i + 2902 = -5*r. What is the tens digit of i?
2
Suppose 4*z - 2*z - 5*x - 336 = 0, -z + 175 = x. Suppose -2*o - 3*f + 107 = 0, -4*f + z = 3*o + 11. What is the tens digit of o?
5
Suppose -8513 = -32*g + 3359. What is the tens digit of g?
7
Let l = -17 - -21. Suppose u - 182 = b, l*u + b = 426 + 292. What is the tens digit of u?
8
Let p = 3382 - 2246. What is the thousands digit of p?
1
Suppose -c - 834 = -3708. What is the units digit of c?
4
Let w be (25/(-4))/((-2)/8). Let p = 380 + -270. Suppose -4*c - c - w = 0, p = 2*y + 2*c. What is the units digit of y?
0
Let z(t) = -3*t - 2*t - 3*t - 24 + 4*t + t**2. What is the tens digit of z(-8)?
7
Let p(x) = -x**3 + 3*x**2 + 3*x - 5. Let h be p(3). Let b(k) = 2*k**3 - 5*k**2 + 5*k - 7. What is the tens digit of b(h)?
6
Suppose 2*l - 12*r = -8*r + 944, 2*r - 926 = -2*l. What is the hundreds digit of l?
4
Suppose 0 = 5*v + 2*u - 2440, -7*v + 3*v = -3*u - 1952. Suppose 3*g - 11*g + v = 0. What is the tens digit of g?
6
Let i be ((-14)/4)/(-2 - (-345)/174). What is the units digit of (-1 - (-397)/7) + 58/i?
6
Suppose 3*k + 4*q - 399 = 0, 261 = 2*k - q + 2*q. What is the units digit of k?
9
Let y(m) = 2*m - 4*m - 25 + 2*m - 4*m. Let r be y(19). Let o = 152 + r. What is the tens digit of o?
5
Suppose -3*c + c = -4*h - 184, 256 = 3*c - h. Suppose -v = 3*a - 14 - 112, c = 2*a - 2*v. What is the tens digit of a?
4
Suppose 20*g - 17*g = -18. What is the tens digit of (-8)/(-12) - 560/g?
9
Let f be 943 + (5 - (2 + 0))*-1. What is the tens digit of 3 - 6/((-24)/f)?
3
Suppose -s + 8 = 6. Suppose 2*x = x + 3*w, -6 = s*w. What is the units digit of ((-15)/x)/((-2)/(-6))?
5
Let p = -60 - -64. Suppose 0 = p*t - 11*t + 1148. What is the tens digit of t?
6
Let i = 11 + -14. Let n be (-54)/(-12)*(-2)/i. Suppose -3*t + 45 = n*k, t - 62 = -3*t - 5*k. What is the units digit of t?
3
Let l = 31 - -178. What is the tens digit of l?
0
Suppose -4*c = -3*g + c + 70, 0 = 5*c + 10. Suppose l + 5*n = g, -2*n = 3*n - 10. What is the tens digit of l?
1
Let f(y) = -4*y + 42. Let p be f(8). What is the hundreds digit of 3*p/(-15) + 271?
2
Suppose 15 = 5*b - 5. Suppose -f + b*f = -2*v + 44, -4*f - 3*v = -58. Let c = f - 9. What is the units digit of c?
7
Suppose -2*h - 14 = -4*h. Suppose 0 = -h*k + 754 + 58. What is the tens digit of k?
1
Suppose 70 = 2*n + 2. Let s = n - 14. Let w = s - 12. What is the units digit of w?
8
Let f = 6 - -20. What is the tens digit of f*5 - (-2 - (5 + -6))?
3
Suppose u - x - 3 = 3, -3*u - 4*x = -46. Suppose 3*k - u = -2*k. What is the units digit of k?
2
Let k(s) = s**2 - 